{"id":9754,"date":"2024-11-21T12:32:32","date_gmt":"2024-11-21T18:32:32","guid":{"rendered":"https:\/\/visitpatzcuaro.com\/?post_type=citadela-item&#038;p=9754"},"modified":"2026-01-16T11:04:32","modified_gmt":"2026-01-16T17:04:32","slug":"noche-de-las-velas","status":"publish","type":"citadela-item","link":"https:\/\/villapatzcuaro.com\/visitpatzcuaro\/item\/noche-de-las-velas\/","title":{"rendered":"Noche de las Velas"},"content":{"rendered":"<p style=\"text-align: justify;\">La <strong>Noche de las Velas<\/strong> en Uruapan es una celebraci\u00f3n emblem\u00e1tica que forma parte de las festividades del <strong>D\u00eda de Muertos<\/strong>. Este evento, que se lleva a cabo el <strong>1 de noviembre<\/strong>, es uno de los momentos m\u00e1s esperados del a\u00f1o en la ciudad. Durante esta noche, las calles, plazas y monumentos de Uruapan se llenan de miles de velas encendidas, creando un ambiente m\u00e1gico y conmovedor. El encendido de velas simboliza el recibimiento de las almas de los seres queridos que han partido, y es un momento de reflexi\u00f3n y homenaje. Adem\u00e1s de las velas, la celebraci\u00f3n incluye desfiles de catrinas, presentaciones art\u00edsticas, m\u00fasica en vivo y muestras gastron\u00f3micas, que enriquecen la experiencia cultural y festiva.<\/p>\n<p style=\"text-align: justify;\">Adem\u00e1s de la impresionante vista de miles de velas iluminando la noche, la <strong>Noche de las Velas<\/strong> en Uruapan es una ocasi\u00f3n para que las comunidades locales y los visitantes se re\u00fanan en un acto de solidaridad y memoria. Los habitantes decoran altares con ofrendas que incluyen flores, frutas, alimentos tradicionales y fotograf\u00edas de los difuntos.<\/p>\n<p style=\"text-align: justify;\">Esta celebraci\u00f3n no solo honra a los seres queridos que han partido, sino que tambi\u00e9n fortalece el tejido social y cultural de la comunidad, preservando tradiciones que se han transmitido de generaci\u00f3n en generaci\u00f3n.<\/p>\n","protected":false},"excerpt":{"rendered":"<p>La Noche de las Velas en Uruapan es una celebraci\u00f3n emblem\u00e1tica que forma parte de las festividades del D\u00eda de Muertos. Este evento, que se lleva a cabo el 1 de noviembre, es uno de los momentos m\u00e1s esperados del a\u00f1o en la ciudad. Durante esta noche, las calles, plazas y monumentos de Uruapan se [&hellip;]<\/p>\n","protected":false},"author":1,"featured_media":10616,"menu_order":0,"comment_status":"closed","ping_status":"open","template":"","citadela-item-category":[486],"citadela-item-location":[407],"class_list":["post-9754","citadela-item","type-citadela-item","status-publish","has-post-thumbnail","hentry","citadela-item-category-eventos","citadela-item-location-uruapan"],"_links":{"self":[{"href":"https:\/\/villapatzcuaro.com\/visitpatzcuaro\/wp-json\/wp\/v2\/citadela-item\/9754","targetHints":{"allow":["GET"]}}],"collection":[{"href":"https:\/\/villapatzcuaro.com\/visitpatzcuaro\/wp-json\/wp\/v2\/citadela-item"}],"about":[{"href":"https:\/\/villapatzcuaro.com\/visitpatzcuaro\/wp-json\/wp\/v2\/types\/citadela-item"}],"author":[{"embeddable":true,"href":"https:\/\/villapatzcuaro.com\/visitpatzcuaro\/wp-json\/wp\/v2\/users\/1"}],"replies":[{"embeddable":true,"href":"https:\/\/villapatzcuaro.com\/visitpatzcuaro\/wp-json\/wp\/v2\/comments?post=9754"}],"version-history":[{"count":0,"href":"https:\/\/villapatzcuaro.com\/visitpatzcuaro\/wp-json\/wp\/v2\/citadela-item\/9754\/revisions"}],"wp:featuredmedia":[{"embeddable":true,"href":"https:\/\/villapatzcuaro.com\/visitpatzcuaro\/wp-json\/wp\/v2\/media\/10616"}],"wp:attachment":[{"href":"https:\/\/villapatzcuaro.com\/visitpatzcuaro\/wp-json\/wp\/v2\/media?parent=9754"}],"wp:term":[{"taxonomy":"citadela-item-category","embeddable":true,"href":"https:\/\/villapatzcuaro.com\/visitpatzcuaro\/wp-json\/wp\/v2\/citadela-item-category?post=9754"},{"taxonomy":"citadela-item-location","embeddable":true,"href":"https:\/\/villapatzcuaro.com\/visitpatzcuaro\/wp-json\/wp\/v2\/citadela-item-location?post=9754"}],"curies":[{"name":"wp","href":"https:\/\/api.w.org\/{rel}","templated":true}]}}

<p style="text-align: justify;">La <strong>Noche de las Velas</strong> en Uruapan es una celebración emblemática que forma parte de las festividades del <strong>Día de Muertos</strong>. Este evento, que se lleva a cabo el <strong>1 de noviembre</strong>, es uno de los momentos más esperados del año en la ciudad. Durante esta noche, las calles, plazas y monumentos de Uruapan se llenan de miles de velas encendidas, creando un ambiente mágico y conmovedor. El encendido de velas simboliza el recibimiento de las almas de los seres queridos que han partido, y es un momento de reflexión y homenaje. Además de las velas, la celebración incluye desfiles de catrinas, presentaciones artísticas, música en vivo y muestras gastronómicas, que enriquecen la experiencia cultural y festiva.</p>
<p style="text-align: justify;">Además de la impresionante vista de miles de velas iluminando la noche, la <strong>Noche de las Velas</strong> en Uruapan es una ocasión para que las comunidades locales y los visitantes se reúnan en un acto de solidaridad y memoria. Los habitantes decoran altares con ofrendas que incluyen flores, frutas, alimentos tradicionales y fotografías de los difuntos.</p>
<p style="text-align: justify;">Esta celebración no solo honra a los seres queridos que han partido, sino que también fortalece el tejido social y cultural de la comunidad, preservando tradiciones que se han transmitido de generación en generación.</p>

<p>La Noche de las Velas en Uruapan es una celebración emblemática que forma parte de las festividades del Día de Muertos. Este evento, que se lleva a cabo el 1 de noviembre, es uno de los momentos más esperados del año en la ciudad. Durante esta noche, las calles, plazas y monumentos de Uruapan se [&hellip;]</p>
