{"id":7703,"date":"2024-11-21T11:45:28","date_gmt":"2024-11-21T17:45:28","guid":{"rendered":"https:\/\/visitpatzcuaro.com\/?post_type=citadela-item&#038;p=7703"},"modified":"2026-01-16T11:02:03","modified_gmt":"2026-01-16T17:02:03","slug":"dia-del-cristo-de-la-exaltacion","status":"publish","type":"citadela-item","link":"https:\/\/villapatzcuaro.com\/visitpatzcuaro\/item\/dia-del-cristo-de-la-exaltacion\/","title":{"rendered":"El Cristo de la Exaltaci\u00f3n y la Fe Viva de Santa Fe de la Laguna"},"content":{"rendered":"<p style=\"text-align: justify;\" data-path-to-node=\"5\">Si andas recorriendo la Ribera del Lago a mediados de septiembre, hay una parada que <b>no puedes pasar por alto<\/b>. En <a href=\"https:\/\/villapatzcuaro.com\/visitpatzcuaro\/loc\/santa-fe-de-la-laguna\/\"><b>Santa Fe de la Laguna<\/b><\/a>, el pueblo que conserva con m\u00e1s celo sus tradiciones pur\u00e9pechas, el <b>14 de septiembre<\/b> se vive una de las festividades m\u00e1s aut\u00e9nticas de la regi\u00f3n: la fiesta en honor al <b>Se\u00f1or de la Exaltaci\u00f3n<\/b>.<\/p>\n<h3 style=\"text-align: justify;\" data-path-to-node=\"6\">Un Tesoro del Siglo XVI en San Nicol\u00e1s<\/h3>\n<p style=\"text-align: justify;\" data-path-to-node=\"7\">Para vivir esta experiencia, <b>tienes que dirigirte<\/b> a la Plaza Principal (Tata Vasco). Aqu\u00ed es importante que no te confundas con los nombres: aunque la gran fiesta es en honor al Cristo de la Exaltaci\u00f3n, su &#8220;casa&#8221; permanente es la <a href=\"https:\/\/villapatzcuaro.com\/visitpatzcuaro\/item\/templo-de-san-nicolas-de-bari\/\"><b>Parroquia de San Nicol\u00e1s de Bari<\/b><\/a>. No busques un templo lejano; es aqu\u00ed, <b>dentro de los muros de esta parroquia hist\u00f3rica<\/b>, donde encontrar\u00e1s la venerada imagen en su altar.<\/p>\n<p style=\"text-align: justify;\" data-path-to-node=\"8\">Al estar frente a este impresionante Cristo crucificado, tallado en pasta de ca\u00f1a en el <b>siglo XVI<\/b>, sentir\u00e1s el peso de la historia. Es una imagen que ha escuchado las plegarias de la comunidad desde los tiempos de <b>Don Vasco de Quiroga<\/b>, quien fund\u00f3 aqu\u00ed su primer &#8220;Pueblo-Hospital&#8221;. La devoci\u00f3n que despierta es conmovedora y te permite entender la profundidad de la fe en Michoac\u00e1n.<\/p>\n<h3 style=\"text-align: justify;\" data-path-to-node=\"9\">La Fiesta: M\u00fasica y Danza<\/h3>\n<p style=\"text-align: justify;\" data-path-to-node=\"10\">El ambiente en el pueblo cambia por completo. La solemnidad del interior de la parroquia contrasta con la alegr\u00eda desbordante del atrio y las calles.<\/p>\n<ul style=\"text-align: justify;\" data-path-to-node=\"11\">\n<li>\n<p data-path-to-node=\"11,0,0\"><b>El Ritmo:<\/b> Las bandas de viento no dejan de tocar; la m\u00fasica festiva es el hilo conductor que acompa\u00f1a a las peregrinaciones que llegan desde los barrios y comunidades vecinas hasta el templo.<\/p>\n<\/li>\n<li>\n<p data-path-to-node=\"11,1,0\"><b>La Danza:<\/b> Es el momento ideal para apreciar las danzas tradicionales, que aqu\u00ed se ejecutan con un orgullo particular, manteniendo la vestimenta y los pasos originales que los abuelos ense\u00f1aron.<\/p>\n<\/li>\n<\/ul>\n<p style=\"text-align: justify;\" data-path-to-node=\"12\"><b>Nuestra Recomendaci\u00f3n:<\/b> Santa Fe de la Laguna es un lugar donde el tiempo parece detenerse. Visitar el pueblo en esta fecha te regala una doble experiencia: la espiritualidad de su Cristo antiguo dentro de la hist\u00f3rica Parroquia de San Nicol\u00e1s y la vitalidad de una cultura pur\u00e9pecha que sigue latiendo fuerte. Ac\u00e9rcate con respeto, disfruta la m\u00fasica y d\u00e9jate llevar por la magia de uno de los rincones m\u00e1s genuinos del lago.<\/p>\n","protected":false},"excerpt":{"rendered":"<p>Si andas recorriendo la Ribera del Lago a mediados de septiembre, hay una parada que no puedes pasar por alto. En Santa Fe de la Laguna, el pueblo que conserva con m\u00e1s celo sus tradiciones pur\u00e9pechas, el 14 de septiembre se vive una de las festividades m\u00e1s aut\u00e9nticas de la regi\u00f3n: la fiesta en honor [&hellip;]<\/p>\n","protected":false},"author":1,"featured_media":6376,"menu_order":0,"comment_status":"closed","ping_status":"open","template":"","citadela-item-category":[486],"citadela-item-location":[410],"class_list":["post-7703","citadela-item","type-citadela-item","status-publish","has-post-thumbnail","hentry","citadela-item-category-eventos","citadela-item-location-santa-fe-de-la-laguna"],"_links":{"self":[{"href":"https:\/\/villapatzcuaro.com\/visitpatzcuaro\/wp-json\/wp\/v2\/citadela-item\/7703","targetHints":{"allow":["GET"]}}],"collection":[{"href":"https:\/\/villapatzcuaro.com\/visitpatzcuaro\/wp-json\/wp\/v2\/citadela-item"}],"about":[{"href":"https:\/\/villapatzcuaro.com\/visitpatzcuaro\/wp-json\/wp\/v2\/types\/citadela-item"}],"author":[{"embeddable":true,"href":"https:\/\/villapatzcuaro.com\/visitpatzcuaro\/wp-json\/wp\/v2\/users\/1"}],"replies":[{"embeddable":true,"href":"https:\/\/villapatzcuaro.com\/visitpatzcuaro\/wp-json\/wp\/v2\/comments?post=7703"}],"version-history":[{"count":0,"href":"https:\/\/villapatzcuaro.com\/visitpatzcuaro\/wp-json\/wp\/v2\/citadela-item\/7703\/revisions"}],"wp:featuredmedia":[{"embeddable":true,"href":"https:\/\/villapatzcuaro.com\/visitpatzcuaro\/wp-json\/wp\/v2\/media\/6376"}],"wp:attachment":[{"href":"https:\/\/villapatzcuaro.com\/visitpatzcuaro\/wp-json\/wp\/v2\/media?parent=7703"}],"wp:term":[{"taxonomy":"citadela-item-category","embeddable":true,"href":"https:\/\/villapatzcuaro.com\/visitpatzcuaro\/wp-json\/wp\/v2\/citadela-item-category?post=7703"},{"taxonomy":"citadela-item-location","embeddable":true,"href":"https:\/\/villapatzcuaro.com\/visitpatzcuaro\/wp-json\/wp\/v2\/citadela-item-location?post=7703"}],"curies":[{"name":"wp","href":"https:\/\/api.w.org\/{rel}","templated":true}]}}

El Cristo de la Exaltación y la Fe Viva de Santa Fe de la Laguna

<p style="text-align: justify;" data-path-to-node="5">Si andas recorriendo la Ribera del Lago a mediados de septiembre, hay una parada que <b>no puedes pasar por alto</b>. En <a href="https://villapatzcuaro.com/visitpatzcuaro/loc/santa-fe-de-la-laguna/"><b>Santa Fe de la Laguna</b></a>, el pueblo que conserva con más celo sus tradiciones purépechas, el <b>14 de septiembre</b> se vive una de las festividades más auténticas de la región: la fiesta en honor al <b>Señor de la Exaltación</b>.</p>
<h3 style="text-align: justify;" data-path-to-node="6">Un Tesoro del Siglo XVI en San Nicolás</h3>
<p style="text-align: justify;" data-path-to-node="7">Para vivir esta experiencia, <b>tienes que dirigirte</b> a la Plaza Principal (Tata Vasco). Aquí es importante que no te confundas con los nombres: aunque la gran fiesta es en honor al Cristo de la Exaltación, su &#8220;casa&#8221; permanente es la <a href="https://villapatzcuaro.com/visitpatzcuaro/item/templo-de-san-nicolas-de-bari/"><b>Parroquia de San Nicolás de Bari</b></a>. No busques un templo lejano; es aquí, <b>dentro de los muros de esta parroquia histórica</b>, donde encontrarás la venerada imagen en su altar.</p>
<p style="text-align: justify;" data-path-to-node="8">Al estar frente a este impresionante Cristo crucificado, tallado en pasta de caña en el <b>siglo XVI</b>, sentirás el peso de la historia. Es una imagen que ha escuchado las plegarias de la comunidad desde los tiempos de <b>Don Vasco de Quiroga</b>, quien fundó aquí su primer &#8220;Pueblo-Hospital&#8221;. La devoción que despierta es conmovedora y te permite entender la profundidad de la fe en Michoacán.</p>
<h3 style="text-align: justify;" data-path-to-node="9">La Fiesta: Música y Danza</h3>
<p style="text-align: justify;" data-path-to-node="10">El ambiente en el pueblo cambia por completo. La solemnidad del interior de la parroquia contrasta con la alegría desbordante del atrio y las calles.</p>
<ul style="text-align: justify;" data-path-to-node="11">
<li>
<p data-path-to-node="11,0,0"><b>El Ritmo:</b> Las bandas de viento no dejan de tocar; la música festiva es el hilo conductor que acompaña a las peregrinaciones que llegan desde los barrios y comunidades vecinas hasta el templo.</p>
</li>
<li>
<p data-path-to-node="11,1,0"><b>La Danza:</b> Es el momento ideal para apreciar las danzas tradicionales, que aquí se ejecutan con un orgullo particular, manteniendo la vestimenta y los pasos originales que los abuelos enseñaron.</p>
</li>
</ul>
<p style="text-align: justify;" data-path-to-node="12"><b>Nuestra Recomendación:</b> Santa Fe de la Laguna es un lugar donde el tiempo parece detenerse. Visitar el pueblo en esta fecha te regala una doble experiencia: la espiritualidad de su Cristo antiguo dentro de la histórica Parroquia de San Nicolás y la vitalidad de una cultura purépecha que sigue latiendo fuerte. Acércate con respeto, disfruta la música y déjate llevar por la magia de uno de los rincones más genuinos del lago.</p>

<p>Si andas recorriendo la Ribera del Lago a mediados de septiembre, hay una parada que no puedes pasar por alto. En Santa Fe de la Laguna, el pueblo que conserva con más celo sus tradiciones purépechas, el 14 de septiembre se vive una de las festividades más auténticas de la región: la fiesta en honor [&hellip;]</p>
